 422. Give q(26).
6
Let d(y) = 101*y**2 + y. Calculate d(1).
102
Let v(h) = h**3 + 7*h**2 - 2*h + 17. What is v(-8)?
-31
Let u(q) = q**3 + 8*q**2 + 6*q - 3. Determine u(-7).
4
Let n(q) = q**2 - q - 1. What is n(2)?
1
Let n(s) = s**3 - 7*s**2 - 4*s - 24. Give n(8).
8
Let o(z) = z - 3. What is o(-11)?
-14
Let s(l) = -l**2 - 16*l - 37. Calculate s(-15).
-22
Let w(y) = -y**2 - 16*y - 19. Determine w(-16).
-19
Let d(z) = z**3 + 2*z**2 + 2. Determine d(2).
18
Let z(r) = r + 31. Calculate z(-17).
14
Let d(j) = -2*j**2 - 31*j - 77. Determine d(-12).
7
Let v(m) = -m**3 + 11*m**2 + 2*m - 10. Determine v(11).
12
Let w(g) = 2*g**2 - 10*g - 9. Calculate w(9).
63
Let a(y) = -y**3 - 6*y**2 + 6*y + 1. Calculate a(-7).
8
Let t(o) = o - 15. What is t(-13)?
-28
Let q(x) = x**3 + 7*x**2 + 12*x + 4. What is q(-2)?
0
Let c(b) = -14*b + 21. Give c(1).
7
Let a(z) = -81*z - 4. Determine a(0).
-4
Let b(y) = -5*y**2 - 292*y - 125. Calculate b(-58).
-9
Let i(x) = -x**2 - 13*x. Calculate i(-10).
30
Let w(d) = 71*d**2 + d - 1. What is w(-1)?
69
Let t(b) = 6*b**2 + 34*b. Determine t(-6).
12
Let z(f) = f**2 + 9*f + 18. Determine z(-9).
18
Let t(i) = 27*i - 72. Calculate t(4).
36
Let m(u) = -4*u + 24. Give m(6).
0
Let g(o) = 5*o + 17. Determine g(-4).
-3
Let m(z) = -4*z + 102. Determine m(25).
2
Let v(y) = y**2 - 15*y + 2. Determine v(18).
56
Let s(y) = 3*y - 6. What is s(-5)?
-21
Let o(x) = x**2 - 5*x - 64. Determine o(10).
-14
Let g(l) = -2*l**2 + 81*l - 101. Give g(39).
16
Let h(v) = -v**3 + 12*v**2 - 38*v + 9. What is h(5)?
-6
Let j(u) = 5*u**3 - 8*u**2 - 4*u + 3. What is j(-1)?
-6
Let y(c) = 2*c**2 + 15*c - 14. Calculate y(-8).
-6
Let l(t) = 2*t**2 - 9*t - 1. What is l(4)?
-5
Let v(a) = -a - 28. Calculate v(-11).
-17
Let b(u) = 18*u + 130. Calculate b(-8).
-14
Let i(r) = -2*r**2 - 6*r + 20. Determine i(6).
-88
Let n(q) = -2*q**3 - 2*q**2 + 5*q + 1. Determine n(-4).
77
Let g(m) = m**2 - 13*m + 26. Give g(15).
56
Let b(r) = -r**3 + 3*r**2 - 1. Determine b(1).
1
Let c(b) = 3*b + 43. Determine c(-22).
-23
Let l(q) = q**2 + 15*q + 32. What is l(-13)?
6
Let h(o) = o**3 - 2*o**2 - 13*o + 25. What is h(3)?
-5
Let k(f) = -2*f**2 + 5*f + 3. Give k(3).
0
Let v(n) = 6*n - 17. Calculate v(5).
13
Let x(l) = l + 8. Give x(3).
11
Let b(f) = -f**3 - 7*f**2 + 9*f - 3. Calculate b(-8).
-11
Let r(y) = 5*y - 54. Calculate r(11).
1
Let i(x) = -18*x + 148. Calculate i(9).
-14
Let t(c) = -c**3 - 9*c**2 - 11*c - 17. Give t(-8).
7
Let g(i) = i**3 + 12*i**2 - 29*i - 21. Give g(-14).
-7
Let d(l) = -l**3 - 4*l**2 - 2*l - 6. Give d(-4).
2
Let j(p) = -p**2 + 10*p + 25. Determine j(12).
1
Let p(w) = -w**2 - 4*w + 1. Calculate p(-3).
4
Let i(d) = d**2 + 8*d - 10. What is i(-10)?
10
Let h(b) = b - 28. Calculate h(15).
-13
Let p(g) = 2*g**2 - 126*g + 128. Determine p(62).
4
Let g(d) = 5*d + 174. What is g(-34)?
4
Let y(h) = 3*h**3 - h**2 - 8*h - 4. Calculate y(-2).
-16
Let r(f) = f**2 - 6*f - 3. Calculate r(6).
-3
Let z(g) = g**2 + 8*g - 12. What is z(-9)?
-3
Let l(k) = 2*k - 2. What is l(6)?
10
Let y(t) = t**2 - 11*t - 18. Determine y(13).
8
Let d(i) = 8*i**2 + 48*i - 5. Determine d(-6).
-5
Let d(b) = b**3 - 5*b**2 + b + 1. Give d(5).
6
Let p(b) = -39*b**2 + b + 1. Calculate p(-1).
-39
Let g(b) = b**3 - 5*b**2 + 3*b + 4. Calculate g(4).
0
Let y(z) = -5*z + 124. Calculate y(15).
49
Let p(q) = 6*q - 61. Give p(14).
23
Let o(j) = 2*j**2 - 4*j - 3. Determine o(0).
-3
Let g(i) = 2*i**2 + 17*i + 7. Determine g(-8).
-1
Let d(n) = -n**3 - 2*n**2 + 2*n + 6. What is d(-3)?
9
Let j(k) = 4*k**2 + 6*k + 1. Calculate j(-2).
5
Let a(y) = y**3 + 17*y**2 + 9. Calculate a(-17).
9
Let f(b) = 12*b**2 + 8*b. Determine f(-4).
160
Let b(r) = -r**3 + 6*r**2 - 10*r + 5. Calculate b(4).
-3
Let a(z) = 9*z - 7. Give a(9).
74
Let c(a) = 2*a + 18. Determine c(-9).
0
Let t(b) = -b**3 - 7*b**2 - 13*b - 2. Give t(-5).
13
Let y(m) = m**2 - 7*m - 141. Calculate y(15).
-21
Let s(j) = -4*j**3 - 3*j**2 - 3*j + 1. Determine s(-2).
27
Let i(a) = -a**3 + 12*a**2 - a + 16. Calculate i(12).
4
Let z(p) = -p**2 - 16*p + 4. Determine z(-15).
19
Let y(a) = -8*a**2 - 74*a + 9. What is y(-9)?
27
Let q(b) = -b**3 - 7*b**2 + 8*b - 4. Give q(-8).
-4
Let c(q) = -q + 29. Calculate c(25).
4
Let r(o) = -6*o + 3. What is r(2)?
-9
Let a(m) = -m**2 + 15*m + 8. What is a(16)?
-8
Let s(x) = -x**2 - 10*x + 50. Calculate s(-15).
-25
Let u(b) = -23*b + 26. Give u(2).
-20
Let m(f) = 2*f**2 - 21*f - 14. What is m(11)?
-3
Let k(l) = -l + 11. Give k(10).
1
Let h(k) = k**2 + k. What is h(-1)?
0
Let m(x) = -x**3 + 15*x**2 + 18*x - 22. What is m(16)?
10
Let i(q) = q**3 - 9*q**2 + 2*q + 1. Calculate i(4).
-71
Let p(a) = 17*a + 3. Calculate p(1).
20
Let d(v) = -v**2 - 16*v + 15. Calculate d(-22).
-117
Let c(q) = q**3 - 8*q**2 + 2*q - 33. Determine c(8).
-17
Let f(h) = 6*h - 103. What is f(23)?
35
Let b(q) = -q + 5. Give b(-4).
9
Let n(a) = a**3 - 14*a**2 - 32*a - 4. Determine n(16).
-4
Let g(r) = -15*r - 142. Calculate g(-5).
-67
Let r(t) = -t**2 - 12*t - 19. Give r(-10).
1
Let l(t) = 22*t**2 - 2. Calculate l(1).
20
Let f(r) = -r**3 - 9*r**2 + 23*r + 15. Calculate f(-11).
4
Let b(j) = 36*j - 9. Calculate b(2).
63
Let p(v) = 2*v**2 + 39*v + 20. Determine p(-19).
1
Let n(w) = -w**2 + 4. Calculate n(6).
-32
Let y(a) = -a**3 - 13*a**2 + 7*a + 27. Give y(-14).
125
Let a(p) = p + 1. What is a(2)?
3
Let o(t) = -t**3 - 12*t**2 - 12*t. Calculate o(-11).
11
Let g(z) = -z**3 - 19*z**2 - 18*z - 17. Calculate g(-18).
-17
Let i(k) = -2*k + 9. Determine i(7).
-5
Let y(p) = -p**2 + 63*p + 16. What is y(0)?
16
Let g(f) = 5*f - 32. Give g(6).
-2
Let h(j) = -12*j**3 - 5*j - 5. Give h(-1).
12
Let t(i) = -2*i**3 + i**2 - 7*i + 20. Give t(3).
-46
Let w(n) = n**3 + 10*n**2 - 10*n - 102. Give w(-10).
-2
Let l(s) = 3*s + 39. Calculate l(6).
57
Let z(n) = n - 11. Determine z(4).
-7
Let z(a) = 3*a + 18. Determine z(5).
33
Let d(y) = 6*y**2 + 154*y - 57. What is d(-26)?
-5
Let a(d) = -d**2 - 21*d - 7. What is a(-21)?
-7
Let s(d) = d**3 + 7*d**2 - d - 2. What is s(-7)?
5
Let w(b) = -b**3 + 5*b**2 + 6*b + 7. What is w(6)?
7
Let h(w) = -2*w + 16. Give h(13).
-10
Let i(h) = h - 26. Give i(5).
-21
Let q(l) = -14*l - 1. What is q(7)?
-99
Let u(f) = -3*f - 163. What is u(-47)?
-22
Let b(s) = 4*s**2 + 6*s - 6. Give b(-3).
12
Let t(a) = -a**2 - 19*a + 18. What is t(-21)?
-24
Let f(m) = 17*m**2 + 2*m + 3. Determine f(-2).
67
Let n(z) = z**2 - 3*z - 24. What is n(7)?
4
Let g(j) = -j**2 - 28*j + 46. Give g(-30).
-14
Let h(j) = -j**2 - 21*j + 124. Give h(-26).
-6
Let z(m) = -m - 7. Give z(-10).
3
Let i(o) = -o**3 - 13*o**2 - 3. Give i(-13).
-3
Let h(o) = -24*o - 129. Calculate h(-8).
63
Let b(w) = -2*w**3 - 4*w**2 - 3*w. Calculate b(-2).
6
Let n(i) = 2*i - 7. Determine n(4).
1
Let m(s) = -s**3 - 4*s**2 - s - 8. Give m(-4).
-4
Let v(c) = 8*c - 54. Calculate v(5).
-14
Let v(s) = -6*s**2 - 53*s + 7. Give v(-9).
-2
Let q(b) = -b**2 - 6*b + 28. What is q(-9)?
1
Let k(r) = -50*r - 142. Calculate k(-3).
8
Let z(x) = x**3 + 9*x**2 + 21*x + 12. Determine z(-4).
8
Let k(s) = 94*s + 3. Give k(2).
191
Let h(p) = -p**3 - 11*p**2 - 15*p - 1. What is h(-10)?
49
Let r(c) = -3*c**2 + 38*c - 38. What is r(11)?
17
Let y(d) = d**3 + d**2 + d - 18. Calculate y(0).
-18
Let w(b) = -b**3 + 15*b**2 - 3*b + 46. Give w(15).
1
Let g(m) = m**3 + m**2 - 5*m - 6. Calculate g(3).
15
Let n(l) = 5*l - 7. What is n(6)?
23
Let r(v) = -v**3 - v**2 + 2*v. Give r(2).
-8
Let z(v) = 14*v - 73. What is z(6)?
11
Let b(n) = n**3 - 7*n**2 - 10*n + 9. Give b(8).
-7
Let l(u) = -u - 15. Calculate l(-17).
2
Let r(c) = 3*c**2 + 2*c - 6. Give r(-4).
34
Let q(o) = 6*o + 5. What is q(6)?
41
Let g(b) = 2*b**2 + 4*b - 4. What is g(-5)?
26
Let d(v) = -v**3 - 6*v**2 + 13*v - 3. Give d(2).
-9
Let g(p) = -2*p**2 - 6*p. Calculate g(-2).
4
Let w(d) = 7*d**2 - 2*d + 1. Determine w(2).
25
Let k(i) = i - 2. What is k(-14)?
-16
Let v(g) = -g**3 + 7*g**2 - 8*g - 2. Calculate v(6).
-14
Let i(z) = -4*z + 23. Calculate i(6).
-1
Let q(x) = -x**2 + 9*x - 1. Calculate q(9).
-1
Let v(t) = -t**2 + 8*t + 2. Give v(9).
-7
Let x(f) = -f**2 + 21*f - 29. Give x(20).
-9
Let g(i) = -4*i + 2. Give g(-3).
14
Let t(i) = 5*i - 175. Give t(33).
-10
Let s(h) = -h**3 + 21*h**2 + 20*h + 21. Calculate s(22).
-23
Let i(a) = a + 1. Determine i(-7).
-6
Let c(g) = -2*g**3 + 28*g**2 - 26*g + 7. Give c(13